{"id":736,"date":"2025-02-18T14:03:36","date_gmt":"2025-02-18T14:03:36","guid":{"rendered":"http:\/\/r-pons.cz\/?page_id=736"},"modified":"2025-09-16T06:13:21","modified_gmt":"2025-09-16T06:13:21","slug":"mhd","status":"publish","type":"page","link":"https:\/\/r-pons.cz\/?page_id=736","title":{"rendered":"MHD p\u0159\u00edst\u0159e\u0161ky"},"content":{"rendered":"\t\t<div data-elementor-type=\"wp-page\" data-elementor-id=\"736\" class=\"elementor elementor-736\">\n\t\t\t\t<div class=\"elementor-element elementor-element-274b625b e-flex e-con-boxed e-con e-parent\" data-id=\"274b625b\" data-element_type=\"container\">\n\t\t\t\t\t<div class=\"e-con-inner\">\n\t\t\t\t<div class=\"elementor-element elementor-element-79713156 elementor-widget elementor-widget-text-editor\" data-id=\"79713156\" data-element_type=\"widget\" data-widget_type=\"text-editor.default\">\n\t\t\t\t<div class=\"elementor-widget-container\">\n\t\t\t\t\t\t\t\t\t\n<p>Jsme schopni vyrobit i krom\u011b standardn\u00edch autobusov\u00fdch zast\u00e1vek atypick\u00e9 zast\u00e1vky p\u0159\u00edmo na m\u00edru dan\u00e9ho klienta na\u0161imi ov\u011b\u0159en\u00fdmi architekty.\u00a0<\/p>\n<p>Barevn\u00e9 proveden\u00ed, stejn\u011b tak povrchovou \u00fapravu \u010di vybaven\u00ed a rozm\u011bry p\u0159\u00edst\u0159e\u0161ku je mo\u017en\u00e9 uzp\u016fsobit konkr\u00e9tn\u00edm pot\u0159eb\u00e1m. Samoz\u0159ejmost\u00ed je tak\u00e9 zaji\u0161t\u011bn\u00ed logistiky hotov\u00fdch p\u0159\u00edst\u0159e\u0161k\u016f na m\u00edsto ur\u010den\u00ed a \u00a0zajist\u011bn\u00ed jejich mont\u00e1\u017ee.<\/p>\n\t\t\t\t\t\t\t\t<\/div>\n\t\t\t\t<\/div>\n\t\t\t\t\t<\/div>\n\t\t\t\t<\/div>\n\t\t\t\t<\/div>\n\t\t","protected":false},"excerpt":{"rendered":"<p>Jsme schopni vyrobit i krom\u011b standardn\u00edch autobusov\u00fdch zast\u00e1vek atypick\u00e9 zast\u00e1vky p\u0159\u00edmo na m\u00edru dan\u00e9ho klienta na\u0161imi ov\u011b\u0159en\u00fdmi architekty.\u00a0 Barevn\u00e9 proveden\u00ed, stejn\u011b tak povrchovou \u00fapravu \u010di&#8230;<\/p>\n","protected":false},"author":1,"featured_media":0,"parent":0,"menu_order":0,"comment_status":"closed","ping_status":"closed","template":"","meta":{"_monsterinsights_skip_tracking":false,"_monsterinsights_sitenote_active":false,"_monsterinsights_sitenote_note":"","_monsterinsights_sitenote_category":0,"footnotes":"","_links_to":"","_links_to_target":""},"class_list":["post-736","page","type-page","status-publish","hentry"],"aioseo_notices":[],"_links":{"self":[{"href":"https:\/\/r-pons.cz\/index.php?rest_route=\/wp\/v2\/pages\/736","targetHints":{"allow":["GET"]}}],"collection":[{"href":"https:\/\/r-pons.cz\/index.php?rest_route=\/wp\/v2\/pages"}],"about":[{"href":"https:\/\/r-pons.cz\/index.php?rest_route=\/wp\/v2\/types\/page"}],"author":[{"embeddable":true,"href":"https:\/\/r-pons.cz\/index.php?rest_route=\/wp\/v2\/users\/1"}],"replies":[{"embeddable":true,"href":"https:\/\/r-pons.cz\/index.php?rest_route=%2Fwp%2Fv2%2Fcomments&post=736"}],"version-history":[{"count":5,"href":"https:\/\/r-pons.cz\/index.php?rest_route=\/wp\/v2\/pages\/736\/revisions"}],"predecessor-version":[{"id":785,"href":"https:\/\/r-pons.cz\/index.php?rest_route=\/wp\/v2\/pages\/736\/revisions\/785"}],"wp:attachment":[{"href":"https:\/\/r-pons.cz\/index.php?rest_route=%2Fwp%2Fv2%2Fmedia&parent=736"}],"curies":[{"name":"wp","href":"https:\/\/api.w.org\/{rel}","templated":true}]}}